er when (0 + -2)*18/(-12) is divided by u(i)?
1
Suppose -4*p + 3*g = -3*p - 145, -127 = -p - 3*g. Calculate the remainder when p is divided by 28.
24
Let n be (5 + -4)/(2/10). Suppose n*j - 3 + 8 = 0. Calculate the remainder when (j/(-2))/(10/580) is divided by 10.
9
Let f(u) = 56*u - 8. Let l be f(-8). What is the remainder when 110 is divided by l/18*(-3)/2?
34
Let h be 4/14 + 12/7. Suppose 5*x + 0*a - 142 = -2*a, 0 = -3*x - h*a + 82. Suppose 4*j - 71*j + 50 = -687. What is the remainder when x is divided by j?
8
Suppose 0*z + 8*z = 160. Let s = 135 - 17. What is the remainder when s is divided by z?
18
Let k(i) = i**2 - 9*i - 4. Let x be (-7 - (-9)/(-3))*-1. Let g(p) = 5*p - 3. Calculate the remainder when g(4) is divided by k(x).
5
Let u = 0 - -3. Suppose 3 = -3*b, 9 - 1 = u*q + b. Suppose 4*r = q*r + 15. What is the remainder when 27 is divided by r?
12
What is the remainder when (3*98)/(49/35 + -1) is divided by 82?
79
Let y be 6/18 - 496/(-6). Suppose -y + 395 = 12*m. Calculate the remainder when m is divided by 14.
12
What is the remainder when 367 is divided by 3*(738/3)/6?
121
Let j(z) = -6*z + 6. Let n be j(-8). Let l = 56 - n. Calculate the remainder when 3 is divided by l.
1
Let y be (725/10)/5*(-4)/(-1). Suppose 1 + 11 = 4*z, y = 2*l + 4*z. Let u = 278 - 189. Calculate the remainder when u is divided by l.
20
Suppose -4*k - 5*v + 107 = -0*k, -2*v - 142 = -5*k. Let l = -11 + 28. Calculate the remainder when k is divided by l.
11
Let q = 29 + -5. Suppose -4*j = -m + 3*m - q, -4*m + 48 = -5*j. Let x(a) = -a**3 - 5*a**2 - 6*a + 5. What is the remainder when x(-5) is divided by m?
11
Suppose 0 = 3*w - 91 + 7. Calculate the remainder when 8/44 - (3486/33)/(-2) is divided by w.
25
Let v(y) = -5*y - 34. Let l(p) = -2*p - 11. Let a(i) = -11*l(i) + 4*v(i). Suppose 4*g - 91 = -11. Calculate the remainder when g is divided by a(13).
9
Suppose 0 = -60*w + 50*w + 1850. What is the remainder when w is divided by 104?
81
Suppose -912 = -65*d + 17*d. What is the remainder when 76 is divided by d?
0
Suppose h - 11 = 85. Suppose 6*d = -0*d + h. What is the remainder when 61 is divided by d?
13
Suppose -18*i + 105 = -13*i. Calculate the remainder when i is divided by 18.
3
Let g = -1729 + 1762. Calculate the remainder when 96 is divided by g.
30
Let y(p) = -p**3 + 6*p**2 + 4. Let b be y(6). Let v be -2 + 2 + -1 + 3. Let a = v + b. What is the remainder when 23 is divided by a?
5
Let j = -1073 + 1086. Calculate the remainder when 168 is divided by j.
12
Let p = 246 - 180. Calculate the remainder when 262 is divided by p.
64
Suppose 0 = -20*k + 14 + 666. What is the remainder when 80 is divided by k?
12
Let l(t) = 57*t - 241. Calculate the remainder when 303 is divided by l(5).
39
Suppose 24 = -r + 26, -4*n = 3*r - 262. What is the remainder when 383 is divided by n?
63
Suppose 0 = -0*f - 2*f + 42. Suppose -6 = -3*n, 4*j = -5*n + f + 9. What is the remainder when 9 is divided by j?
4
Let o(g) = g**3 + g**2 - 4*g + 1. What is the remainder when o(3) is divided by (10/(-15))/(-5 + (-532)/(-108))?
7
Suppose 2 = -s + 82. Calculate the remainder when 85 is divided by s.
5
Let t(q) = q - 24. Let h be (-18)/(-36)*(-1 - -1). Let m be t(h). What is the remainder when 44 is divided by (-206)/(-14) + m/(-84)?
14
Suppose 3*c + c = 12. Suppose -6*y = -c*y + 6. What is the remainder when (2/4)/(y/(-56)) is divided by 4?
2
Suppose -65*o - 234 = -2379. What is the remainder when 81 is divided by o?
15
Let d = -777 + 857. What is the remainder when d is divided by 16?
0
Let z(x) = 5*x**2 + 4*x - 13. Let k be z(7). Calculate the remainder when (-2)/7 + 359/7 is divided by ((-1)/2)/((-10)/k).
12
Let g(u) = u - 1. Let w(b) = -b + 2. Let x(y) = 3*g(y) + 2*w(y). Suppose 2 + 18 = 5*n. What is the remainder when x(6) is divided by n?
3
Suppose -58 = 3*p - n + 6, p + n = -28. Let j = 84 + p. Let l = -48 + 69. Calculate the remainder when j is divided by l.
19
Let f be 448/7 - 3/1. Let g = f + -36. Calculate the remainder when g is divided by 14.
11
Suppose 22 + 94 = -4*s. Let u = 46 + s. What is the remainder when 65 is divided by u?
14
Let f = 314 - 285. What is the remainder when f is divided by 5?
4
Let q(j) = -j**3 + 13*j**2 - 33*j + 30. Calculate the remainder when 740 is divided by q(7).
89
Let x = -68 - -1. Let y = x - -153. Let f(z) = -z + 32. What is the remainder when y is divided by f(10)?
20
Let v(b) = -b**3 + 8*b**2 - 7*b + 4. Let y(q) = -2*q**3 + 15*q**2 - 5*q - 1. Calculate the remainder when v(6) is divided by y(7).
8
Suppose 0 = -3*j - 2*j. Suppose x = -j*x + 3. Suppose -s + 25 + 0 = -x*y, 30 = s - 4*y. Calculate the remainder when 38 is divided by s.
8
Let b = 36 + -16. Suppose 0 = 3*f - 3, 2*g + 2*f = -g + 14. Suppose -x + 187 = p + g*p, 4*p - 5*x = 138. What is the remainder when p is divided by b?
17
Let l(v) = 3*v**2 + 5*v - 71. What is the remainder when l(10) is divided by 35?
34
Suppose -2*j - t = -7, -6 = -3*j - 4*t + 2. Suppose 27 + 37 = j*g. Calculate the remainder when 63 is divided by g.
15
Calculate the remainder when -7 - (-13 + 2) - -74 is divided by 52.
26
Let i = -115 + 159. What is the remainder when 123 is divided by i?
35
Suppose y + 30 = 3*y. Calculate the remainder when 126 + -121 - (1 - 39) is divided by y.
13
Let b(t) = 4*t - 7. Let d(o) = -o**2 - 1. Let h(i) = b(i) - d(i). Suppose 2 + 10 = -2*v. What is the remainder when 21 is divided by h(v)?
3
Let a be (-4)/(-6)*(-23 - -5). Let m be 822/a*(-3 - -1). Let s = m + -67. Calculate the remainder when s is divided by 18.
16
Suppose 2*a - 78 = -4*c, 5*c + 16 = c. Suppose -3*m = r - 47, -5*m = -5*r - a + 182. What is the remainder when 6/3 + r - 0 is divided by 18?
16
Suppose 261*p - 256*p = 460. Calculate the remainder when 198 is divided by p.
14
Let p be (3 + (-1 - 3))*31. Let b = 38 + p. Calculate the remainder when 27 is divided by b.
6
Suppose -15*s + 57 = -213. Let y(g) = 6*g**2 - 2*g - 1. Let a be (3*6/9)/(-2). What is the remainder when s is divided by y(a)?
4
Suppose -126 = -3*l - 18. What is the remainder when 68 is divided by l?
32
Let h(f) = -15*f + 550. Calculate the remainder when 7/4*7*4 is divided by h(36).
9
Let l = 121 + -49. Suppose -2*i = -4*i + l. Calculate the remainder when i is divided by -10*2/2*-1.
6
Suppose -3*l + 2*c - 2 = 0, -4 - 6 = l - 3*c. Suppose t + 4 = l*t, 5*m + 2*t - 28 = 0. Suppose -m*u + 66 = -u. Calculate the remainder when u is divided by 6.
4
Let u be 4725/18 - (-2)/(-4). Suppose 0 = 3*v + 15, 4*v + 51 = -3*g + u. What is the remainder when g is divided by 27?
23
Let z(o) = 4*o + 16. Let i be z(11). Let t = 135 - i. Calculate the remainder when t is divided by 38.
37
Let v(d) = 2*d + 28. Let u be v(-14). Suppose 2*r - 80 = -4*n, -2*r + u*n = -n - 100. Calculate the remainder when r is divided by 10.
8
Let s(q) = 3*q + q**3 - 15 - 2*q**3 - 7*q**2 + 2 + 2*q**2. Let j be s(-6). Suppose -63 = -j*t + 2. Calculate the remainder when t is divided by 5.
3
Suppose -4 + 8 = 2*u. What is the remainder when (-80)/(-10) - 2/1 is divided by u?
0
Suppose 0*v - 8 = -4*v. Suppose b = -i - 2 + 7, -v*i = -3*b + 30. Calculate the remainder when b is divided by 7 - (-2 - (-2 + -2)).
3
Let u(y) = -15*y + 13 - 15*y + 32*y. What is the remainder when u(10) is divided by 17?
16
Let a(i) = 10*i - 1. What is the remainder when a(2) is divided by (2/(-3))/((-2)/(-1 - -31))?
9
Let f(d) = 2*d**3 - 4*d**2 - 4*d - 5. Let u be f(4). Suppose -55 = 3*c + 20. Let i = c + u. What is the remainder when 69 is divided by i?
15
Suppose 0 = h + 3*h + 3*s - 602, -4*h - 4*s = -600. Let x = 215 - h. Calculate the remainder when x is divided by 17.
12
Let v(d) = -d + 45. Calculate the remainder when v(-8) is divided by 5.
3
Suppose 3*x - 20 = -l + 99, -2*x = -5*l - 102. Calculate the remainder when 1965 is divided by x.
38
Let z = -23 + 27. Suppose z*c - 67 = 37. What is the remainder when 68 is divided by c?
16
Suppose 4*l + 0*g + 366 = -2*g, -2*l - 3*g = 193. Let r = l + 98. What is the remainder when 53 is divided by r?
8
Let u = 181 - 27. Let b = -19742 - -19781. Calculate the remainder when u is divided by b.
37
Let n = 665 - 502. What is the remainder when n is divided by 11?
9
Let g(t) be the third derivative of -1/6*t**4 + 0*t + 0 - 7*t**2 + 1/6*t**3 + 1/60*t**5. What is the rema